n 17 is divided by q.
6
Let y = 532 + -451. What is the remainder when 1457 is divided by y?
80
Suppose 156*q - 60582 = 16482. Calculate the remainder when q is divided by 240.
14
Suppose -j = -21*l + 22*l - 137, 2*j + 441 = 3*l. What is the remainder when 1851 is divided by l?
135
Suppose 8*d + 882 = 2*d. Let r = d + 382. Suppose -7*z + r = 67. Calculate the remainder when z is divided by 9.
6
Let v(d) = -1. Let x(z) = -19*z - 18. Let g be 3 - ((-6)/(-15))/(4/20). Let c(f) = g*x(f) - 6*v(f). What is the remainder when c(-9) is divided by 41?
36
Let i = -44 + -18. Let k = i + 75. Suppose -13 = -k*n + 12*n. Calculate the remainder when 89 is divided by n.
11
Suppose -90*o = -97*o + 2065. Let a = 365 - o. Calculate the remainder when a is divided by 19.
13
Suppose 13*g - 441 + 77 = 0. Suppose g*v - 146 = 358. What is the remainder when v is divided by 10?
8
Suppose t + 8 - 9 = 0. Calculate the remainder when (-7 - 1) + 14 + -5 is divided by t.
0
Suppose a + 11*p = 7*p + 1967, -2*p - 3994 = -2*a. Calculate the remainder when a is divided by 6.
5
Let u(z) = -334*z + 1145. Calculate the remainder when u(3) is divided by 53.
37
Let g(n) = 5*n**3 - 15*n**2 + 31*n + 38. Let k(j) = j**3 - 3*j**2 + 6*j + 7. Let o(l) = -2*g(l) + 11*k(l). Calculate the remainder when 89 is divided by o(3).
11
Suppose -45450 = 51120*j - 51138*j. What is the remainder when j is divided by 19?
17
Let h = 17 + -7. Suppose 4*s + 704 = 15*s. Let u = 13 + s. What is the remainder when u is divided by h?
7
Suppose 5*b - 140 = 40. What is the remainder when (-1210 - 1)*33/(-330) + (-1)/10 is divided by b?
13
Let b(i) = -395*i - 280. Calculate the remainder when b(-3) is divided by 227.
224
Suppose -v - 2*w = -105, -585 = -9*v + 4*v + 5*w. Suppose 38*b - 243 = 213. What is the remainder when v is divided by b?
5
Calculate the remainder when 192 is divided by (-2675)/100*(4 - 6) - 2/(-4).
30
Let w(q) = -156*q + 797. Let n(j) = j**3 + 10*j**2 - 3*j - 7. What is the remainder when n(-9) is divided by w(5)?
16
Let i be ((-1650)/(-40))/(2/8). Let j = i + -91. Suppose 4*a + j = 5*w, 2*a + a + 31 = 2*w. What is the remainder when w is divided by 8?
6
Suppose -g = -4 + 2. Suppose g*y - 8 = 4*v - y, 5*v = -y - 29. Calculate the remainder when (-2)/v*(55 - 10) is divided by 7.
4
What is the remainder when 110 is divided by (-40)/680 + (-1225)/(-17)?
38
Suppose 0*h + 10 = -10*h. Let i be (2 - -4)/3 - h. Suppose 3*n = -3*k + 3, -i*n + n = -5*k - 16. What is the remainder when 26 is divided by n?
2
Let d(v) = -v**3 - 25*v**2 + 52*v - 50. Let m be d(-27). What is the remainder when (8 - 1) + (319 - m) is divided by 36?
34
Let y be (-9 + 184/16)*(-8)/(-10). Suppose y*c - k = 352, 0 = c - 5*k + 8*k - 190. What is the remainder when c is divided by 36?
34
Let n(b) = 2*b**3 - 27*b**2 + 4*b - 35. What is the remainder when n(16) is divided by 131?
130
Let s(u) = -18*u**2 - 2*u - 7. Let k be s(3). Suppose -4*f = 4*y + 276, y + y + 145 = 5*f. Let a = y - k. Calculate the remainder when a is divided by 27.
24
Suppose -3*k - 2 = -4*k. Let b(r) = 64 - 27 - 6*r - 15 - 16. What is the remainder when b(0) is divided by k?
0
Let c(z) = 34*z**2 + 2*z + 1. Let u = -86 - -217. What is the remainder when u is divided by c(-1)?
32
Let j = -12107 + 13089. What is the remainder when 999 is divided by j?
17
Let c be -6*(2 + 0 + 15/(-10)). What is the remainder when (-3 + (-75)/7)/(c/21) is divided by 21?
12
Suppose -32*n + 788 + 364 = 0. Suppose 3*b = -4*m + 264, 159 = 2*b + 2*m - 5*m. What is the remainder when n is divided by (-4)/10 - b/(-10)?
4
Suppose -2*a + 5*y + 668 = 0, -219*a - 5*y = -224*a + 1730. What is the remainder when a is divided by 328?
26
Let v = -17712 + 17717. What is the remainder when 1742 is divided by v?
2
Suppose -4*b - 970 = -14*b. Let h = -69 + b. Calculate the remainder when h is divided by 7.
0
Suppose 214*l - 32423 = 13027 - 938. What is the remainder when 290 is divided by l?
82
Let l(o) = 50 + 52 - 86 - o. What is the remainder when ((-4)/8)/(2/(-28)) is divided by l(11)?
2
Suppose 41*d + 10 = 43*d. Suppose 2*b - 3*b = -d*c - 17, 2*b - 25 = c. What is the remainder when 69 is divided by b?
9
Suppose h + 23 = 82. Let x = 1833 + -1542. Calculate the remainder when x is divided by h.
55
Let m(o) = -o**2 + 31*o + 202. What is the remainder when m(22) is divided by 79?
5
Suppose 277*w = 281*w - 92. What is the remainder when 69 is divided by (2 - 10) + 368/w?
5
Suppose 3*q - 75 = -27. Let p = 1664 - 1657. Calculate the remainder when q is divided by p.
2
Suppose -598 = -2*i - 376. Calculate the remainder when i is divided by -7 + (6 + 59 - -3).
50
Let z(q) = 16*q**2 + 38*q + 53. Let n = 97 + -64. What is the remainder when z(-5) is divided by n?
32
What is the remainder when 431 is divided by (10 + (-5 - -6))*(-12)/(-11)?
11
Let k(s) = 10*s**2 + s**3 + 0*s**3 - 10 + 62*s - 2*s**3 - 60*s. Let y be k(10). What is the remainder when -138*(-8)/(-40)*y/(-4) is divided by 7?
6
Let i(c) = -c**3 - 58*c**2 - 329*c - 99. Calculate the remainder when 1830 is divided by i(-6).
0
Suppose 2*i - 19 = -15. Suppose 0 = -7*s - i*s + 99. Calculate the remainder when s is divided by 3.
2
Let l be (-32)/20*(-5)/4. What is the remainder when (334/(-3))/(l/(-6)) is divided by 16?
14
Let w(a) = 19*a + 4. Suppose 4*d + 3*r = 631, -14*r = 23*d - 12*r - 3552. What is the remainder when d is divided by w(4)?
74
Let s = 7387 + -895. What is the remainder when s is divided by 9?
3
Let p(u) = 2*u - 1. Let i be p(13). Suppose 24*d + 5 = i*d. Let s(l) = l**2 + l + 3. Calculate the remainder when d is divided by s(0).
2
Let t be (-2*(-5 + 3))/(2/34). Suppose -3*k = -20*k + t. What is the remainder when (7/2)/(1/2) is divided by k?
3
Let l(n) = 16*n - 15*n + 23 - 5 + 2. Let g be l(0). Let b = 75 - g. What is the remainder when b is divided by 19?
17
Let q = -12904 - -13084. What is the remainder when 783 is divided by q?
63
Let j be 4/6 - (12/9)/(-4). Suppose -5*o + j = 26. Calculate the remainder when (o + 3 + 1)*-53 is divided by 11.
9
Suppose 0 = 4*o + 3*m + 211, o - m = -0*m - 58. Let t = 21 + o. Let n = t + 56. What is the remainder when 41 is divided by n?
19
Suppose -940*a + 955*a - 3900 = 0. Calculate the remainder when a is divided by 110.
40
Let z(q) = -2*q**2 - 35*q - 5. Let g be z(-20). Let p = g - -216. Calculate the remainder when p is divided by 20.
11
Let q(c) = c**2 + 6*c - 37. Suppose 0 = 189*i - 190*i - 11. What is the remainder when 267 is divided by q(i)?
15
Suppose 2*i = 8, -3*t - 2704 = 3*i - 712. Calculate the remainder when (t/(-24))/(10/60) is divided by 26.
11
Suppose 5*a + 3*y = 4*y + 8, -2*a + 3*y = -11. Calculate the remainder when 72 is divided by 1*a/(-8) + 12582/432.
14
Let j(a) = 66*a**2 - 11*a + 3. What is the remainder when 237 is divided by j(1)?
5
Let y = 539 + 89. Let u = -209 + y. What is the remainder when u is divided by 14?
13
Let p = -34648 - -34976. Calculate the remainder when 342 is divided by p.
14
Suppose -701 = -6*l + 169. Let y = l + -135. What is the remainder when 23 is divided by y?
3
Let u(g) = -265*g - 270. Let x be u(-4). Let i = x - 655. Calculate the remainder when i is divided by 17.
16
Let o(m) = m**2 + 2. Let h be o(0). Suppose 2*c - h*w = -0*w + 26, 2*c = 3*w + 26. Suppose -5*r + r + 32 = 0. Calculate the remainder when c is divided by r.
5
Suppose -5*s - 12 - 3 = 0. Suppose -3*o + o - 5*n = -53, 0 = 3*o - 4*n - 91. What is the remainder when o is divided by 20/2*s/(-2)?
14
Let q be -14*((-91)/(-4) + (-9)/12). Let w = -284 - q. Calculate the remainder when 92 is divided by w.
20
Let v = 114 - 112. Suppose 5*y = 3*y - v*i + 70, -4*y + 3*i + 126 = 0. What is the remainder when 194 is divided by y?
29
Let p be (3 - 4)/(3 + -1)*0. Suppose p*v - 292 = -5*v - y, -2*v + 122 = 3*y. Calculate the remainder when 462 is divided by v.
56
Suppose -2708 = 246*s - 16238. Let k = 22 - -18. Calculate the remainder when s is divided by k.
15
Suppose -2*r + 3*w = -252, 5*w = 68*r - 63*r - 635. Let k = 14 + -30. Let c = k - -28. Calculate the remainder when r is divided by c.
9
Let l = -81 - -86. Suppose 0 = -2*t + 6, -l*t + 72 = 2*d + 23. Suppose 2*n - 410 = -5*m, -4*m + 410 = m - 4*n. What is the remainder when m is divided by d?
14
Suppose -5*w + 163 = -2*w - 4*y, 0 = -4*w 